6))*-7. Suppose s*g - 52 = g. What is the remainder when 73 is divided by g?
1
Let u(w) = -w**2 + 668*w + 1108. What is the remainder when u(0) is divided by 101?
98
Let u(o) = -o + 3. Let c be u(-3). Suppose 2*w = c*w - 20. Suppose w*y = g + 235, 4*y + 2*g - g - 197 = 0. What is the remainder when y is divided by 9?
3
Calculate the remainder when 306 is divided by 5 + 822/12 - (-14)/4.
75
Let b = -367 - -431. Suppose -224 = -18*q + 208. What is the remainder when b is divided by q?
16
Let x(o) = -20*o + 504. Let j(r) = 41*r - 1009. Let k(v) = 3*j(v) + 7*x(v). Calculate the remainder when k(21) is divided by (21/(-5))/((-1)/5).
18
Suppose 0 = -8*a + 127 + 33. Suppose 7*x = 3*x + 4*o - 16, 0 = -o. What is the remainder when 13 is divided by (x + 2)/((-8)/a)?
3
Suppose -574 = -5*r + 3*u, -3*r + 2*u + 342 = u. Let k(h) = -9*h**2 + 183*h + 167. Calculate the remainder when r is divided by k(21).
31
What is the remainder when 834 is divided by ((-60)/(-18))/(35/42)?
2
Suppose -7*x + 482 = -267. Suppose -2*q = 2*w - 50, 11*w - 7*w - 3*q = x. Calculate the remainder when 74 is divided by w.
22
Suppose 2*p + 26 = -2*q, 0 = q + 4*p - 2. Let i = q - -61. What is the remainder when i is divided by (-51)/((-204)/104) - 8/((-10)/(-5))?
21
Let p(h) = -h**2 - 10*h + 17. Let m be p(-5). Let v = -37 + m. What is the remainder when 19 is divided by v?
4
Let g = -161 - -246. Suppose 5*n + g - 295 = 0. What is the remainder when n is divided by 11?
9
Let o = 22009 + -19433. What is the remainder when o is divided by 29?
24
Suppose 55*m - 59*m + 28 = 0. Let q be (2 + m)/((-7)/(-63)). Let t = q + -65. Calculate the remainder when t is divided by 10.
6
Suppose 115*r = 25*r + 540. What is the remainder when 288 is divided by r?
0
Let w(g) = g**2 + 169*g + 3798. Calculate the remainder when 1743 is divided by w(-147).
51
Let u = -84 - -192. Let b = 212 + u. Suppose -6*k + b = -184. Calculate the remainder when k is divided by 29.
26
Let q(n) = n**3 - 7*n**2 + 17*n - 14. Suppose -7*r = -1317 - 1602. What is the remainder when r is divided by q(7)?
102
Suppose 0 = -4*h - 2*p + 14, -1 + 5 = -h + 2*p. Let v(k) = -9*k + 74. Let a be v(-25). Let u = a + -292. What is the remainder when u is divided by h?
1
Let h(o) = -o**3 - 56*o**2 + 7*o + 444. What is the remainder when 375 is divided by h(-56)?
11
Let a = -3684 - -3805. Calculate the remainder when a is divided by 90.
31
Suppose 4*o - 64 = -6*i + 5*i, -98 = -2*i - 2*o. Calculate the remainder when 79 is divided by i.
35
Let d be (-4)/(-26) + (-6)/(78/(-6485)). Suppose -d*n + 502*n - 201 = 0. What is the remainder when n is divided by 21?
4
Let b = 3498 + -1126. Suppose 0 = -29*p - 980 + b. Calculate the remainder when p is divided by 10.
8
Let k(w) = -36*w + 683. What is the remainder when k(-6) is divided by 129?
125
Suppose 0 = 3*c - 5*d - 1024 + 146, 2*c = -d + 607. Suppose -3*s + t = -307, -4*s - t = -616 + 216. Calculate the remainder when c is divided by s.
99
Let n = 8 - 26. Let w be (0 + (-30)/n)/(1/3). Suppose -p + 282 = w*p. What is the remainder when p is divided by 17?
13
Suppose -2*r + 0*r = 4*h + 10, -5*h - 32 = -4*r. Let a be (-1 - 908/20)*10/h. Suppose 0*t + a = 4*t. Calculate the remainder when t is divided by 11.
7
Let q = -396 - -1067. Calculate the remainder when q is divided by (-35)/(5975/(-150) + 39).
41
Let z = -395 + 13567. What is the remainder when z is divided by 17?
14
Suppose -16*j = -229 - 347. Let z = -171 - -75. Calculate the remainder when (174/(-8))/(j/z) is divided by 32.
26
What is the remainder when 3863 is divided by -3*8/36*(6 + -27)?
13
Let j be (-8010)/(-135) + 2/3. Suppose j + 4 = 16*z. Calculate the remainder when 4 is divided by z.
0
Let l(w) = 18*w**2 - 4*w - 5. Calculate the remainder when l(4) is divided by (-120)/(-20) - -44 - 5.
42
Suppose 2*x - 4*k + 3*k = 34, 0 = 5*x - 4*k - 85. Suppose x*d - 3278 = 6*d. What is the remainder when d is divided by 101?
96
Let v(d) = -387*d - 5306. Calculate the remainder when v(-16) is divided by 872.
14
Let o(n) = n**2 + 11*n + 12. Suppose -17*s = g - 22*s + 31, 4*g = -s - 61. Calculate the remainder when o(g) is divided by 17.
7
What is the remainder when 1992 is divided by ((-1 - -4) + 210/(-28))*(-20)/15?
0
Let t(p) = p**2 + 47*p + 464. What is the remainder when 1204 is divided by t(-10)?
76
Suppose 2665 = 19*h - 660. Suppose 7 = 3*m - 11. Suppose 3*c = 3*g - 129, 4*g - 179 = 3*c - m*c. What is the remainder when h is divided by g?
43
Let i(b) = -2*b + 1. Let a(g) = -2*g + 3. Let w(x) = a(x) - 6*i(x). Calculate the remainder when 59 is divided by w(2).
8
Let p = -2248 + 2271. Calculate the remainder when 1973 is divided by p.
18
Suppose 5*w = -j - j - 7, 5*w = 2*j - 3. What is the remainder when (j + 0)/((15/3)/(-345)) is divided by 45?
24
Let y be 3 + 24 + (-1 - 0 - 0). Let l = y - 23. What is the remainder when 15 is divided by (-2 + -1)/(l/(-6))?
3
Let s(q) be the first derivative of -3*q - 1/4*q**4 + 5/2*q**2 - 10 - 7/3*q**3. What is the remainder when s(-8) is divided by 8?
5
Let s(r) = -11*r**2 - 9*r - 33. Let h(w) = 15*w**2 + 10*w + 34. Let a(d) = -3*h(d) - 4*s(d). What is the remainder when a(8) is divided by 9?
5
Let k = -18 - -270. Let f = k - 174. Suppose 5*u = -4*x + 119, 0 = -u + x - 2 + 33. Calculate the remainder when f is divided by u.
24
Calculate the remainder when ((-5301)/2356)/(2/(-498)*9/4) is divided by 10.
9
Let t(g) = 15*g - 2. Let d be t(1). Suppose 5*h = d*h + 424. Let y = 101 + h. What is the remainder when y is divided by 18?
12
Calculate the remainder when (35/7 + -3)*(-5966)/(-4) is divided by 49.
43
Let x = 499 - 513. Calculate the remainder when (69/(-6) - -8)*x is divided by 17.
15
Let k(d) = -1231*d + 1347. What is the remainder when k(-4) is divided by 783?
7
Let o = 40278 + -40276. What is the remainder when 3148 is divided by o?
0
Suppose 622 = -16*u + 1678. What is the remainder when 88 is divided by u?
22
Suppose 0 = -467*r + 461*r + 144. Suppose r*h - 259 = 269. What is the remainder when h is divided by 3?
1
Suppose -7 = w - 3*k, -4*w + 3*k - 10 + 0 = 0. What is the remainder when (-8)/((-48)/237) - w/(-2) is divided by 22?
17
Let d(n) = -n**2 + 11*n - 17. Let s be d(2). Calculate the remainder when (-4)/20 - s/(-5)*586 is divided by 24.
21
Let j(g) = 40*g**2 - 4*g - 53. Calculate the remainder when j(-4) is divided by 121.
119
Suppose -2*v - 2*h - 15 = -5*h, 5*v - 3*h = -15. Suppose g - f - 72 + 21 = v, 51 = g - 5*f. Calculate the remainder when 254 is divided by g.
50
Suppose p + 4*p - 85 = 0. Suppose -5*f - 4*x + 435 = 0, 413*f - 408*f - 440 = -5*x. What is the remainder when f is divided by p?
15
Let c = -1212 + 1225. Calculate the remainder when 1869 is divided by c.
10
Suppose -162*j = -168*j - 624. Let b = 217 + j. Calculate the remainder when b is divided by 55.
3
Let x be 7 + (3 - 4) - (1 - 0). Suppose x*p - 83 = -28. Calculate the remainder when p is divided by 152/28 + (-16)/(-28).
5
Let r = 5698 - 2385. What is the remainder when r is divided by 75?
13
Calculate the remainder when (-1)/(-2) + 98*(-3465)/(-84) is divided by 20.
3
Let i be (-2 - -5)*12/9. Suppose -5*l = -i*b + 585, -5*b = 5*l - 393 - 327. Suppose 6*a - a = b. Calculate the remainder when a is divided by 10.
9
Suppose 22*j + 598 = 6*n + 24*j, -j - 109 = -n. What is the remainder when 2956 is divided by n?
100
Suppose -2*s + 241 = 677*c - 678*c, -4*s = 3*c - 467. Let d(x) = -x**2 + 15*x - 15. What is the remainder when s is divided by d(11)?
3
Let f(o) = 3*o**2 - 3*o - 2. Suppose -7*u - 3*i + 23 = -5*u, 0 = -9*u + 3*i + 153. Calculate the remainder when f(6) is divided by u.
8
Let x(k) = -259*k - 1160. Calculate the remainder when 460 is divided by x(-5).
55
Let f = -1467 - -1481. Suppose 2*o - 365 = -4*m + 3*o, 0 = -m + o + 89. What is the remainder when m is divided by f?
8
Let o be (-2 - (59 - 0))/(9/27). Let g = o - -194. Calculate the remainder when 30 is divided by g.
8
Suppose 34*u + 29*u - 98120 = -25*u. Calculate the remainder when u is divided by 26.
23
Let g be (5/15 - 1) + (-1)/3. Calculate the remainder when 27 is divided by -1 - 2 - 17/g.
13
Let q = 6694 - 6625. What is the remainder when 6067 is divided by q?
64
Let f = -66 + 45. Let v = f + -32. Let n = -48 - v. What is the remainder when 19 is d